te the greatest common factor of s and 184.
23
Let c = -183 - -285. What is the highest common factor of c and 255?
51
Let u be 52/(-10) + (-4)/(-20). Let q = -1 - u. Calculate the greatest common divisor of q and 44.
4
Let q(u) = u**2 - 13*u + 28. Let f be q(12). Suppose 705 = 4*g + b, -5 = 5*b - 10*b. Calculate the greatest common factor of f and g.
16
Let h(b) = 4*b + 18. Let q be h(9). What is the greatest common factor of 36 and q?
18
Let z = -3 + 5. Suppose -z*d = 2*d - 376. Suppose 4*i = 3*k + 102, -4*i + 0*k + d = k. Calculate the greatest common factor of i and 8.
8
Suppose -5*f - 10 = -10*f. Calculate the greatest common factor of f and 1.
1
Let g(o) = -35*o**3 - o**2 - o. Let i be g(-1). Let f(r) = -r - 1. Let m be f(-8). What is the greatest common divisor of m and i?
7
Let s(y) = 2*y**2 + 2*y - 8. Let f be s(-6). Suppose 4*x - 5*v - f = 0, v + 39 = 5*x - 2*x. Let r = 286 - 169. What is the highest common divisor of r and x?
13
Let n = -82 + 91. Calculate the highest common divisor of 9 and n.
9
Let n be -4*((-10)/(-4) - 3). Suppose -62 = -4*o - n*v, 4*o - 38 = 5*v + 3. Let a = 17 + -3. Calculate the greatest common divisor of a and o.
14
Suppose 2 + 30 = 4*i. Let o(d) = d**3 - 11*d**2 - 2*d + 3. Let l be o(11). Let s = l - -31. Calculate the greatest common factor of i and s.
4
Suppose f - 8 = -2. What is the highest common factor of 42 and f?
6
Suppose -2*j = 5*w + 46, -3*j + 20 = -w + 2*j. Let r be (-102)/(-15) + (-2)/w. Calculate the highest common factor of 63 and r.
7
Suppose -12*k - 60 = -15*k. Suppose h + 5*b - 225 = -0*h, 2 = 2*b. Calculate the highest common factor of h and k.
20
Suppose -12 = -3*w + 30. Let m = 23 - -47. Let u be -2*(0 - m/4). What is the greatest common factor of u and w?
7
Let k(y) = -y**2 + 8*y + 3. Let z be k(8). Suppose 12 = -2*w - 4*a + 204, w - 116 = 2*a. Suppose z*p - 89 = w. What is the highest common factor of p and 26?
13
Suppose 4*b - n + 0*n = 137, -79 = -3*b - 4*n. Calculate the highest common divisor of 44 and b.
11
Suppose -4*u = 4*m - 2*u - 48, 0 = -3*m + 4*u + 14. Let l = 232 - 142. Calculate the greatest common divisor of m and l.
10
Let h be (-3)/2*4/(-3). Let p be (1 + 1)/((-4)/(-762)). Suppose -2*c + 150 = 4*v, -7*c - 4*v + p = -h*c. Calculate the highest common divisor of c and 11.
11
Let i = 187 + -142. What is the highest common divisor of i and 495?
45
Suppose -4*b = 5*r - 49, 8*b - 50 = 3*b - 4*r. Calculate the highest common factor of b and 42.
6
Suppose 120 = -z + 3*z. Suppose 1 = -m + 4. Suppose -7*a = -m*a - 60. Calculate the highest common factor of a and z.
15
Suppose -79 = -7*x + 89. Calculate the highest common divisor of 216 and x.
24
Let v = 9 + -5. Let n = 50 + -34. Calculate the greatest common divisor of n and v.
4
Suppose 0 = 3*s - 0*s - 285. Calculate the highest common divisor of s and 19.
19
Let g be ((-1)/(-2) + -2)*-2. What is the highest common factor of 27 and g?
3
Let g be (-2)/(-7) - 86/7. Let o = 4 + g. Let r = 1 - o. Calculate the greatest common divisor of 72 and r.
9
Let t(z) = -129*z**3 + 1. Let n be t(-1). Calculate the highest common divisor of 26 and n.
26
Let p(x) = -7*x + 1. Suppose 3*h - 11 = 3*g + h, -5*g + 3 = 2*h. Let u be p(g). What is the greatest common factor of u and 2?
2
Let o be (-83)/(-9) + 4/(-18). Let v = -2 + 6. Suppose -v*h = -o - 19. Calculate the greatest common divisor of h and 7.
7
Let q be 7/((-14)/(-4)) + 47. Calculate the greatest common divisor of q and 7.
7
Let p be ((-2)/3)/(3/(-72)). What is the highest common divisor of 4 and p?
4
Let o = 27 - 19. Let q = o - -2. Calculate the highest common divisor of q and 90.
10
Suppose -d + 5*d - 64 = 0. What is the greatest common divisor of d and 176?
16
Let f = 59 - 46. What is the highest common factor of f and 39?
13
Let s(h) = h**3 + 5*h**2 - 2*h + 3. Let j be s(-4). Let c(z) = 54*z. Let o be c(1). What is the highest common factor of o and j?
27
Suppose -o + 1679 = 3*u, -4*u - o + 2252 = -3*o. Calculate the highest common divisor of 51 and u.
51
Suppose -n + 2*n + 1 = -4*s, 50 = 4*n - 2*s. Calculate the greatest common factor of 99 and n.
11
Let d be 4/(-10) - 13/5. Let l be 18*d*(-6)/27. Calculate the greatest common factor of 3 and l.
3
Let c(h) = -h + 6. Let j be c(5). Suppose -j = -2*f + 1. Let x be 11 - -1 - (-2)/f. What is the greatest common factor of x and 2?
2
Let w(z) = -z**3 - 5*z**2 - 4*z - 5. Let r be w(-5). Suppose -5*v - i - 2*i + 816 = 0, 5*v - 3*i = 834. Calculate the highest common factor of r and v.
15
Let o = -194 - -272. Let y = o + -43. What is the highest common divisor of y and 7?
7
Let q be 8/(-20) + (-8)/5. Let b be ((-15)/6 + 2)*q. Let c = b + 15. Calculate the greatest common divisor of 24 and c.
8
Let s(v) = -2 + 17*v**3 - 3*v - 16*v**3 - 4*v**2 + 1. Let a be s(5). What is the greatest common factor of 9 and a?
9
Let x be (53/3)/((-7)/(-21)). Suppose -x = -5*t - 3. Calculate the highest common factor of 90 and t.
10
Suppose 0 = -5*z - 4*p + 592, 3 = -2*p - 1. Let j be z/2*20/25. What is the greatest common divisor of 6 and j?
6
Let f = 63 + -49. Calculate the greatest common divisor of f and 35.
7
Let l(f) = f**3 - 6*f**2 + 5*f + 4. Let x be l(5). What is the highest common divisor of 4 and x?
4
Suppose -42 = -5*s + 3*d, -2*d = -5*s - 4*d + 22. Suppose 4*b - 30 = s. Let t = -3 + 6. What is the greatest common factor of b and t?
3
Let g(l) = 4*l**3 - 3*l**2 + 5*l - 3. Let i be g(1). Let s be (1/1)/(3/6). Suppose -17 + 5 = -s*r. What is the greatest common factor of i and r?
3
Let d = -23 - -42. What is the highest common divisor of d and 152?
19
Suppose -4*y = -17 - 19. Calculate the greatest common divisor of 1 and y.
1
Suppose -27*z = -22*z - 110. Calculate the highest common divisor of z and 33.
11
Suppose -3*i - 3*g + 0*g = -102, 2*g + 2 = 0. Suppose v = -0*v + 35. Suppose 4*n = -n + v. Calculate the highest common factor of n and i.
7
Let g = 33 + -20. What is the greatest common factor of g and 13?
13
Suppose 4*m + 1 - 13 = 0. Let c = m - -6. What is the highest common factor of c and 72?
9
Let w = 30 + -15. Let f be ((-42)/(-9))/((-2)/(-45)). What is the highest common divisor of f and w?
15
Suppose 2*v + 194 = 5*b, 5*v = -2*b - 4 + 99. Calculate the highest common divisor of b and 16.
8
Let w = 10 - 4. What is the greatest common factor of 48 and w?
6
Let j = -78 + 188. What is the highest common factor of j and 10?
10
Let k = 9 - 4. Let m(i) = 3*i - 8. Let z be m(6). What is the greatest common divisor of z and k?
5
Suppose 2*t - 28 = 4. What is the highest common factor of t and 40?
8
Let p(l) = 3*l - 6. Let s be p(9). Calculate the greatest common divisor of 7 and s.
7
Suppose -b - 45 = -2*b. Let j = 11 + -6. Calculate the greatest common divisor of j and b.
5
Let d be (-2)/(-5) + 6/10. Let j be (d - -25)*4/1. Suppose x = -2*o + 21, 5*x = -16 - 9. What is the highest common divisor of o and j?
13
Let k = 0 + 0. Suppose -j - 2 + 4 = k. Let f = -63 - -68. Calculate the highest common factor of f and j.
1
Let q(d) = d**3 - 5*d**2 + 2*d - 1. Let v be q(5). Let s = -92 - -137. What is the greatest common divisor of v and s?
9
Let x(m) = 12*m**3 + m**2 - m. Let o be x(1). Let r(t) = 5*t - 5. Let s be r(7). Calculate the greatest common divisor of s and o.
6
Let k = 36 + 66. What is the highest common factor of k and 255?
51
Let g be 21 - (-3 + 2 + 2)*0. What is the greatest common factor of g and 147?
21
Let n be 1/2 - 425/(-34). Calculate the greatest common factor of 65 and n.
13
Let v(u) = -u**2 - 9*u - 5. Let x = -9 - -1. Let f be v(x). What is the greatest common divisor of 9 and f?
3
Let g = -30 + 53. Let x = 7 + -5. Suppose -x*u + 9 = -g. Calculate the greatest common divisor of 32 and u.
16
Suppose -4*y = -5*c - 61, -3*c = -3*y + 40 + 2. Let w be -8*-10*y/12. What is the highest common factor of w and 90?
30
Suppose 3*v = -3*o - 0*v + 24, 3*o + 4*v - 19 = 0. Calculate the greatest common factor of o and 117.
13
Let j = 86 - 20. What is the greatest common divisor of 6 and j?
6
Let q be 20/5*5/(15/18). Calculate the greatest common factor of q and 16.
8
Let v be 0/(-1) + 0 + 9. Let y = 16 + -13. Calculate the greatest common factor of y and v.
3
Suppose -2*b - b + 60 = 0. Let r(n) = -3*n - 4. Let l be r(-6). Let w = b - l. What i